22*p + 96. Determine r(15).
-9
Let h(w) = 50*w - 83. What is h(-12)?
-683
Let k(t) = 3*t**2 - 30*t + 38. Determine k(11).
71
Let a(r) = -8*r**3 - 10*r**2 - 4*r + 32. Give a(-2).
64
Let j(c) = 9*c - 114. Calculate j(8).
-42
Let g(p) = p**3 + 30*p**2 + 63*p - 488. What is g(-27)?
-2
Let o(q) = q**2 + 47*q + 430. Calculate o(-9).
88
Let u(h) = 7*h + 211. Give u(-31).
-6
Let q(a) = -8*a**3 + 831*a**2 + 103*a + 9. Give q(104).
-95
Let x(i) = 2*i**3 + 28*i**2 - 36*i + 22. What is x(-15)?
112
Let b(s) = -2*s**2 - 19*s - 24. What is b(-3)?
15
Let g(z) = 3*z - 192. What is g(66)?
6
Let t(l) = 5*l**2 - 29*l + 45. Give t(11).
331
Let s(u) = 14*u + 103. What is s(-8)?
-9
Let l(d) = d**3 + 39*d**2 - 6*d - 239. Determine l(-39).
-5
Let g(c) = c**3 - 28*c**2 - 32*c + 61. What is g(29)?
-26
Let q(a) = 263*a - 188. Give q(0).
-188
Let q(w) = 89*w**2 - 871*w + 42. Calculate q(10).
232
Let c(d) = 217*d + 11082. Determine c(-51).
15
Let r(s) = 18*s**2 - 70*s - 61. Calculate r(5).
39
Let j(m) = 217*m - 2848. What is j(13)?
-27
Let q(s) = -190*s + 17482. What is q(93)?
-188
Let c(o) = o**3 + 21*o**2 - 13*o + 91. What is c(-22)?
-107
Let o(i) = 2*i**3 - 24*i**2 - 87*i - 3. Determine o(-5).
-418
Let a(m) = 4*m**3 + 162*m**2 + 93*m + 513. Give a(-40).
-7
Let c(r) = -37*r**3 - r**2 - 5*r + 3. Calculate c(1).
-40
Let s(o) = 3*o**2 - 15*o + 108. Calculate s(16).
636
Let h(k) = -22*k - 15. Give h(-7).
139
Let c(v) = 25*v - 67. Determine c(-3).
-142
Let n(d) = 2*d**2 - 141*d - 528. Determine n(74).
-10
Let z(s) = 31*s + 128. Give z(3).
221
Let u(c) = -12*c - 284. What is u(-24)?
4
Let i(l) = -30*l + 1693. Determine i(57).
-17
Let b(l) = -2*l**2 - 53*l - 282. Determine b(-19).
3
Let y(j) = j**3 - 38*j**2 - 159*j - 5. Give y(42).
373
Let i(d) = -d**3 + 147*d**2 + 28*d - 4117. Determine i(147).
-1
Let p(i) = 4*i**2 + 13*i - 37. Calculate p(-5).
-2
Let z(g) = -g**3 - 11*g**2 - 4*g + 19. Calculate z(-10).
-41
Let c(y) = -2*y**3 + 34*y**2 + 66*y - 17. Give c(-2).
3
Let p(f) = f**2 + 23*f - 445. Give p(13).
23
Let d(x) = 49*x + 301. Determine d(-9).
-140
Let m(v) = -40*v**2 - 18*v + 28. Determine m(2).
-168
Let u(v) = 78*v - 2520. What is u(32)?
-24
Let r(n) = -n**2 - 22*n + 92. Give r(10).
-228
Let p(h) = 20*h**2 + 118*h - 10. What is p(-6)?
2
Let i(y) = -y**2 + 32*y - 213. Determine i(10).
7
Let d(j) = j**3 - 34*j**2 - 65*j - 246. Determine d(36).
6
Let c(m) = 141*m - 1691. Determine c(12).
1
Let f(x) = -x**2 + 3*x + 170. Calculate f(15).
-10
Let q(b) = -237*b + 5679. Give q(24).
-9
Let i(x) = -5*x**2 - 138*x - 711. Give i(-7).
10
Let n(c) = -109*c + 7081. What is n(65)?
-4
Let x(z) = -275*z - 4947. Give x(-18).
3
Let h(a) = -1118*a**2 + 3356*a - 5. Determine h(3).
1
Let w(a) = -a**3 - 12*a**2 + 3*a + 10. What is w(-7)?
-256
Let a(c) = -173*c - 1210. Determine a(-7).
1
Let z(a) = -145*a + 1302. What is z(9)?
-3
Let a(b) = 51*b + 1349. Determine a(-27).
-28
Let k(o) = -69*o + 2956. Give k(42).
58
Let a(o) = 3*o**2 - 98*o + 13. Calculate a(33).
46
Let h(b) = -b**3 + 16*b**2 + 11*b + 170. Determine h(17).
68
Let s(j) = j**3 + 255*j**2 - 1309*j - 2344. Calculate s(-260).
-4
Let u(b) = 4*b**2 - 130*b + 10. Give u(26).
-666
Let s(c) = -c**3 - 21*c**2 - 40*c - 71. Determine s(-19).
-33
Let k(a) = 9*a**2 + 9*a - 4. Determine k(-2).
14
Let p(g) = -20*g**2 + 48*g + 8. What is p(4)?
-120
Let k(n) = 38*n + 90. Calculate k(-5).
-100
Let x(f) = -f**3 + 68*f**2 + 957*f + 244. Calculate x(80).
4
Let d(g) = -6*g**3 - 3*g**2 + 10*g + 12. Determine d(-1).
5
Let k(b) = 27*b**3 - 4*b**2 + 3*b - 1. What is k(1)?
25
Let g(a) = a**3 + 16*a**2 + 27*a + 195. What is g(-15)?
15
Let l(a) = -4904*a + 53927. Determine l(11).
-17
Let s(w) = 45*w - 1165. Calculate s(28).
95
Let u(y) = y**3 - 2*y**2 + 9*y - 40. Determine u(3).
-4
Let z(t) = t**3 - 10*t**2 - 68*t + 145. Give z(14).
-23
Let l(a) = a**3 - 100*a**2 + 102*a + 185. Give l(99).
482
Let a(j) = 29*j**3 - 67*j**2 + 65*j + 2. What is a(1)?
29
Let y(d) = -44*d + 183. What is y(8)?
-169
Let m(f) = -f**2 + 23*f - 26. Determine m(31).
-274
Let j(m) = -575*m - 6917. What is j(-12)?
-17
Let m(p) = -4*p**3 + 78*p - 263. Give m(4).
-207
Let h(j) = -j**3 + 13*j**2 - 59*j + 574. Give h(12).
10
Let z(p) = -4*p**2 + 22*p + 13. Give z(4).
37
Let v(m) = 54*m + 180. What is v(-11)?
-414
Let s(y) = y**3 - 2*y**2 - 54*y + 4. Determine s(0).
4
Let t(l) = -3*l**2 + 17*l - 30. Give t(4).
-10
Let t(h) = -357*h - 6418. Give t(-18).
8
Let f(g) = -3*g**2 - 99*g + 949. Calculate f(-40).
109
Let w(l) = 66*l - 278. Calculate w(4).
-14
Let l(i) = 5*i**2 + 59*i + 167. What is l(-5)?
-3
Let l(z) = -4*z**2 - 199*z + 1374. What is l(7)?
-215
Let c(q) = -q**3 + 31*q**2 - 36*q + 19. Determine c(30).
-161
Let c(m) = -15*m**3 - 196*m**2 - 28*m - 32. Determine c(-13).
163
Let s(m) = 13*m - 79. Calculate s(29).
298
Let z(c) = -43*c + 176. What is z(4)?
4
Let m(y) = 117*y + 595. Determine m(-9).
-458
Let s(m) = -51*m - 153. Give s(-8).
255
Let a(t) = -t**2 + 34*t + 526. Determine a(-12).
-26
Let v(i) = -10*i**2 + 1554*i + 2477. Determine v(157).
-35
Let f(c) = 12*c**3 - 216*c**2 + 19*c - 328. Determine f(18).
14
Let t(k) = k**2 + 14*k + 32. Determine t(-10).
-8
Let w(b) = 189*b + 3622. Calculate w(-19).
31
Let y(p) = 66*p**2 + 112*p + 225. Calculate y(-2).
265
Let j(h) = -130*h**3 + 16*h**2 - 20*h - 1. Calculate j(1).
-135
Let n(j) = j**2 + 1424*j + 7092. Give n(-5).
-3
Let k(d) = -49*d + 3442. Determine k(57).
649
Let t(c) = 16*c**2 + 17*c + 2. Give t(-1).
1
Let u(k) = 4*k**3 - 6*k**2 + 20*k + 9. Determine u(-5).
-741
Let h(r) = -r**3 - 11*r**2 - 21*r + 57. Determine h(-8).
33
Let m(h) = -47*h - 113. Determine m(-2).
-19
Let u(z) = z**3 + z**2 - 63*z + 2. Determine u(-9).
-79
Let c(t) = -2*t**2 - 69*t + 267. Determine c(-39).
-84
Let c(i) = 43*i + 736. Determine c(-14).
134
Let m(u) = -12*u**2 - 52*u + 97. Calculate m(3).
-167
Let r(m) = 189*m - 2844. Determine r(15).
-9
Let t(k) = k**2 + 6*k + 14. What is t(-4)?
6
Let q(a) = -201*a + 2708. Give q(14).
-106
Let a(v) = 53*v - 5885. Give a(111).
-2
Let s(v) = 814*v**2 + 13*v + 15. Determine s(-1).
816
Let n(a) = -236*a**2 + 20*a - 1. What is n(1)?
-217
Let d(w) = -4*w**2 + 55*w - 98. Calculate d(5).
77
Let z(i) = -77*i**3 + 4*i**2 - 4*i + 17. Give z(2).
-591
Let s(b) = -11*b + 482. Calculate s(43).
9
Let i(p) = -p**3 - 17*p**2 + 15*p + 503. What is i(-16)?
7
Let w(f) = -f**3 + 7*f**2 + 275*f - 2159. Determine w(8).
-23
Let z(g) = -5*g**2 - 368*g + 28. Determine z(-73).
247
Let j(l) = -l**2 + 32*l + 8. Give j(32).
8
Let k(x) = -2*x**3 + 158*x**2 + 327*x - 219. What is k(81)?
24
Let o(g) = g**3 + 41*g**2 + 45*g + 196. Determine o(-40).
-4
Let r(o) = 10*o**2 + 227*o - 75. Give r(-23).
-6
Let w(h) = -h**3 - h**2 + 6*h + 4. What is w(-3)?
4
Let y(p) = 165*p + 821. What is y(-5)?
-4
Let l(a) = -37*a**2 - 517*a - 29. Determine l(-14).
-43
Let h(r) = 116*r - 480. What is h(4)?
-16
Let w(a) = -253*a - 3808. Give w(-15).
-13
Let g(w) = -w**3 - 8*w**2 + 4*w - 13. What is g(-8)?
-45
Let l(u) = 44*u + 3385. What is l(-77)?
-3
Let k(n) = -n**3 + 34*n**2 + 113*n - 84. What is k(37)?
-10
Let v(k) = -5881*k - 288175. Determine v(-49).
-6
Let v(o) = o**2 + 2*o - 422. What is v(-22)?
18
Let z(n) = -26*n + 3721. What is z(143)?
3
Let p(m) = -3*m**2 - 35*m - 182. Give p(-5).
-82
Let j(w) = -w**2 - 144*w - 3009. Give j(-119).
-34
Let d(i) = -50*i - 3457. Determine d(-69).
-7
Let c(f) = f**3 + 46*f**2 + 136*f + 126. Determine c(-43).
-175
Let p(v) = -v**3 - 8*v**2 - 11*v + 10. Give p(-8).
98
Let k(v) = -40*v**2 + 83*v + 25. Determine k(3).
-86
Let p(o) = -21*o + 127. Give p(-5).
232
Let s(m) = -261*m - 1256. Determine s(-5).
49
Let p(z) = -7*z**2 + 235*z + 226. Calculate p(35).
-124
Let u(h) = h**3 + 29*h**2 + 29*h - 4. Determine u(-28).
-32
Let d(t) = t**3 - 15*t**2 - 35*t + 869. Calculate d(11).
0
Let o(m) = 2*m**2 - 95*m - 1051. Determine o(-10).
99
Let l(i) = 24*i + 678. Determine l(-9).
462
Let c(o) = -98*o - 663. Calculate c(-8).
121
Let q(a) = -8*a - 188. Give q(-25).
12
Let a(x) = -46*x - 2010. Determine a(-44).
14
Let r(o) = o**3 - 6*o**2 + 63*o - 463. Determine r(8).
169
Let a(n) = -312*n + 362. Determine a(1).
50
Let r(a) = -1704*a + 6774. What is r(4)?
-42
Let z(o) = 2*o**2 - 19*o - 12. What is z(16)?
196
Let j(d) = 160*d - 787. Calculate j(5).
13
L